{"id":27034,"date":"2024-11-05T20:21:24","date_gmt":"2024-11-05T20:21:24","guid":{"rendered":"https:\/\/leaubeaute.com.br\/?post_type=product&#038;p=27034"},"modified":"2025-07-31T17:44:47","modified_gmt":"2025-07-31T20:44:47","slug":"shampoo-restaurador","status":"publish","type":"product","link":"https:\/\/leaubeaute.com.br\/?product=shampoo-restaurador","title":{"rendered":"Shampoo Restaurador"},"content":{"rendered":"<p>Limpe e fortale\u00e7a o couro cabeludo e o cabelo com ingredientes naturais \u00e0 base de algas marinhas e solu\u00e7\u00e3o hipert\u00f4nica para promover hidrata\u00e7\u00e3o, for\u00e7a e cabelos com apar\u00eancia mais saud\u00e1vel.<\/p>\n<p><em>Clean Beauty \/Vegano \u00b7 Livre de crueldade \u00b7 Seguro de cores \u00b7 Adequado para todos\u00a0<\/em><em>os tipos de cabelo.<\/em><\/p>\n<p>&nbsp;<\/p>\n","protected":false},"excerpt":{"rendered":"<h1 id=\"titulo_novo_produto\" data-i18n=\"Produto:productStepByStep.form.titleNewProduct\"><strong>SHAMPOO RESTAURADOR<\/strong><\/h1>\n<p>Limpe e fortale\u00e7a o couro cabeludo e o cabelo com ingredientes naturais \u00e0 base de algas marinhas e solu\u00e7\u00e3o hipert\u00f4nica para promover hidrata\u00e7\u00e3o, for\u00e7a e cabelos com apar\u00eancia mais saud\u00e1vel.<\/p>\n<p>&nbsp;<\/p>\n<p><em>Clean Beauty \/Vegano \u00b7 Livre de crueldade \u00b7 Seguro de cores \u00b7 Adequado para todos\u00a0<\/em><em>os tipos de cabelo.<\/em><\/p>\n","protected":false},"featured_media":27868,"template":"","meta":{"iawp_total_views":26},"product_brand":[],"product_cat":[72,77],"product_tag":[],"class_list":{"0":"post-27034","1":"product","2":"type-product","3":"status-publish","4":"has-post-thumbnail","6":"product_cat-aqua-sea","7":"product_cat-shampoo","9":"first","10":"instock","11":"sale","12":"shipping-taxable","13":"purchasable","14":"product-type-simple"},"_links":{"self":[{"href":"https:\/\/leaubeaute.com.br\/index.php?rest_route=\/wp\/v2\/product\/27034","targetHints":{"allow":["GET"]}}],"collection":[{"href":"https:\/\/leaubeaute.com.br\/index.php?rest_route=\/wp\/v2\/product"}],"about":[{"href":"https:\/\/leaubeaute.com.br\/index.php?rest_route=\/wp\/v2\/types\/product"}],"version-history":[{"count":1,"href":"https:\/\/leaubeaute.com.br\/index.php?rest_route=\/wp\/v2\/product\/27034\/revisions"}],"predecessor-version":[{"id":28422,"href":"https:\/\/leaubeaute.com.br\/index.php?rest_route=\/wp\/v2\/product\/27034\/revisions\/28422"}],"wp:featuredmedia":[{"embeddable":true,"href":"https:\/\/leaubeaute.com.br\/index.php?rest_route=\/wp\/v2\/media\/27868"}],"wp:attachment":[{"href":"https:\/\/leaubeaute.com.br\/index.php?rest_route=%2Fwp%2Fv2%2Fmedia&parent=27034"}],"wp:term":[{"taxonomy":"product_brand","embeddable":true,"href":"https:\/\/leaubeaute.com.br\/index.php?rest_route=%2Fwp%2Fv2%2Fproduct_brand&post=27034"},{"taxonomy":"product_cat","embeddable":true,"href":"https:\/\/leaubeaute.com.br\/index.php?rest_route=%2Fwp%2Fv2%2Fproduct_cat&post=27034"},{"taxonomy":"product_tag","embeddable":true,"href":"https:\/\/leaubeaute.com.br\/index.php?rest_route=%2Fwp%2Fv2%2Fproduct_tag&post=27034"}],"curies":[{"name":"wp","href":"https:\/\/api.w.org\/{rel}","templated":true}]}}